3*c + 26752 = 6*b. What is the remainder when b is divided by 206?
204
Let w(d) = d**3 + 14*d**2 - 14*d + 31. Let z(a) = -6*a + 60. Let o be z(29). Let g = o - -99. Calculate the remainder when 55 is divided by w(g).
7
Let u be 10/(-4)*(-12426)/285. Suppose u = 2*i + 27. What is the remainder when 162 is divided by i?
39
Let m = -1288 - -3615. Calculate the remainder when m is divided by 14.
3
Suppose 0 = -4*i - 13*d + 2970, -247 = -4*i + 4*d + 2757. What is the remainder when i is divided by 85?
69
Let d(m) = 2*m + 28. Let y be 103/5 + (0 - 12/20). What is the remainder when 199 is divided by d(y)?
63
Let u be -40*6/10*2. Let r = -48 - u. Suppose r = -5*q - 6*q + 253. Calculate the remainder when q is divided by 10.
3
Let n = 6588 - 5516. What is the remainder when n is divided by 96?
16
Suppose 6*j = 19 - 97. Let k = j + 13. Suppose 3*f + 0*p + 3*p = 501, k = -f - 5*p + 163. What is the remainder when f is divided by 43?
39
Let m = 2966 - 2889. What is the remainder when m is divided by 15?
2
Let y(t) = -79*t**3 - 2*t**2 + 3*t + 3. Let a be y(-2). Suppose -527 = -w + 4*j, w + 69 = -j + a. What is the remainder when w is divided by 55?
52
Suppose -190*u + 1931 = -21912 - 15297. What is the remainder when 1451 is divided by u?
9
Suppose -4*t = 4*r - 804, 5*r - 7*r - 4*t + 392 = 0. What is the remainder when r is divided by 23?
22
Let q(o) = o**2 + 9*o. Let n be q(-8). Suppose 2*p + 0*p - 120 = -3*m, 2*m = p + 87. Calculate the remainder when m is divided by 9/1 - (-12)/(n/(-2)).
6
Suppose -73 = 13*g - 919 - 194. Calculate the remainder when g is divided by 33.
14
Suppose 0 = -3*q + 8*q + 5*l - 345, -l = -3. Suppose -t = -3*s + 7, -t + 100 - 75 = s. Calculate the remainder when q is divided by t.
15
Let l = 47 + 122. Suppose -14*o + l = -83. What is the remainder when 104 is divided by o?
14
What is the remainder when 573 is divided by (-260)/260*(-26 - 0)?
1
Suppose -3*v - 4*b = -31, 7*b - 32 = -4*v + 4*b. Suppose -v*w - 5*x + 50 = 0, 66 = 5*w - 5*x + 2*x. What is the remainder when 94 is divided by w?
10
What is the remainder when (-5 - (2 + -6))/(19/(-1159)) is divided by 5?
1
Suppose 3*t - 650 = -n, 0*t + 3*t + 2*n = 652. Let g = -90 + t. Let o = g - 83. Calculate the remainder when o is divided by 11.
10
Suppose -5*r - 23857 + 185317 = 103*r. What is the remainder when r is divided by 168?
151
Let q(u) = -3*u + 22. Let x be q(6). Suppose 4 = -2*t + x. Suppose -9*l + 8*l + 20 = t. Calculate the remainder when 97 is divided by l.
17
Suppose 6 = -0*b + 3*b. Suppose -4*a - 61 - 16 = y, 0 = 3*a - b*y + 44. Let i = a + 137. What is the remainder when i is divided by 24?
23
Suppose 4*s = -4*z + 176, 23*z - 4*s = 25*z - 80. What is the remainder when z is divided by (-172)/(-12) + 1/(-3)?
6
Let k = 966 + -950. What is the remainder when 1422 is divided by k?
14
Suppose -4*k - 1670 = -k - 4*z, 2*k + z + 1095 = 0. Let d = -478 - k. Calculate the remainder when 138 is divided by d.
66
Let t(g) = 432*g - 397. What is the remainder when 9974 is divided by t(1)?
34
Let m(b) = -2*b**3 + 56*b**2 + 2*b + 159. Calculate the remainder when m(27) is divided by 239.
237
Let a = -22 - -28. What is the remainder when 1446/(36/a) - -7 is divided by 14?
10
Let i(u) = 4*u**2 - 10*u - 7. Let q = -97 + 93. Let c(r) = 3*r + 8. Let z be c(q). What is the remainder when i(z) is divided by 33?
31
Suppose -465 = -89*h + 425. Let b = 6 - -211. Calculate the remainder when b is divided by h.
7
Suppose -2*g = 6, -31*u - 3*g = -26*u - 1221. Calculate the remainder when u is divided by 29.
14
Let g = 1 - 2. Suppose k = 3*y + 65 - 39, -6*k + 128 = -4*y. Let o = g + k. What is the remainder when 74 is divided by o?
17
Suppose 5*i - 2247 = -2*s + 155, 2*i = 3*s - 3622. What is the remainder when s is divided by 93?
90
Let j be (-504)/(-16)*8/6. Suppose 3*p + 4*t - 40 = -p, j = 5*p + t. Let y = 37 + -35. Calculate the remainder when p is divided by y.
0
Suppose 4*b = 7*b - 45. Suppose -6*i - b = -q - 8*i, 3*q = -4*i + 37. What is the remainder when (-347)/(-5) - 6/15 is divided by q?
6
Calculate the remainder when ((-2)/(-10) - ((-30732)/15 - 3)) + -9 is divided by 12.
3
Let i be (7 - (-1864)/(-40))/((-2)/5). Suppose -95*b = -i*b + 92. What is the remainder when b is divided by (3 - 2)*(1 - -11)?
11
Calculate the remainder when 332999/305 - (-4)/(-5) is divided by 60.
11
Suppose 43*j + j - 6336 = 0. What is the remainder when j is divided by 20?
4
Suppose 71 + 431 = 3*b - 4*l, 2*b - 3*l = 336. Suppose b = 3*i - 36. Calculate the remainder when i is divided by 26.
14
Let q = 33642 + -33589. Suppose -5*f - 2*w + 3 = -w, -4*f = -3*w - 10. What is the remainder when q is divided by ((-1)/f)/(4/(-28))?
4
Suppose 0 = -2*z + 796 - 256. Let x = -10032 - -10066. Calculate the remainder when z is divided by x.
32
Let x(s) = -2*s**3 + 38*s**2 + 2*s - 24. Let p(v) = 3*v**2 - 5*v + 13. What is the remainder when p(4) is divided by x(19)?
13
Let d = -391614 + 392053. Suppose 4*p + 5*h - 38 = -4, 40 = 4*p + 2*h. Calculate the remainder when d is divided by p.
10
Let l(t) = t**2 - t - 4. Suppose -3*x + 5 + 27 = -2*c, 16 = -4*x. Calculate the remainder when 229/11 - 4/c is divided by l(4).
5
Let p be (-52)/(-39) + 286/6. Suppose 0 = -3*t + t + r + p, 2*t - 69 = 5*r. Let f(n) = -n**2 + 14*n + 13. What is the remainder when f(10) is divided by t?
9
Suppose -y + 350 = 2*s + s, -3*s = 4*y - 1445. Suppose 0 = -4*n + o + y, -3*n + o + 0*o = -275. Calculate the remainder when n is divided by 35.
20
Calculate the remainder when 129333/27 + 816/918 is divided by 137.
133
Let s = -2500 - -2557. What is the remainder when s is divided by 56?
1
Calculate the remainder when (-6)/((-6)/523) + 16 is divided by 14.
7
Let m(v) = -291*v - 2113. Suppose 3 = -2*k + 51. Calculate the remainder when m(-8) is divided by k.
23
Let h = -64 - -101. Let o(v) = 5*v - 111. Calculate the remainder when 139 is divided by o(h).
65
Suppose 5*o + 90 = -r + 147, -o = 5*r - 237. What is the remainder when 1491 is divided by r?
34
What is the remainder when (3108/(-168))/(1/(-6)) is divided by 70?
41
Suppose 5*j + 2*v = 421, -j + 2*v + 95 = 6*v. Let o(i) = -13*i - 226. What is the remainder when j is divided by o(-20)?
15
Let p = 463 + -440. Let w(g) = -2*g + 124. Calculate the remainder when 148 is divided by w(p).
70
Suppose -39*i + 16*i = -20*i - 609. Calculate the remainder when i is divided by 45.
23
Suppose -5*a + 175 = -1257*r + 1262*r, -a = 5*r - 47. Calculate the remainder when 1885 is divided by a.
29
Suppose 2*p - 276 = -2*k, 3*k + k + 2*p = 554. Calculate the remainder when k is divided by (735/(-90))/(8 + 869/(-66) - -5).
41
Let w = -169 - -155. Calculate the remainder when 39 is divided by -7 - 3/(-1) - w.
9
Suppose 0 = 2*z + 3*j + 2*j - 87, -158 = -3*z - 2*j. Suppose 13 = 3*w - b - 47, -4*b - 80 = -4*w. What is the remainder when z is divided by w?
16
Let z = -113 + 111. Let w be 6/(-21) - (1138/(-14) - z). Suppose w = 6*n - 23. Calculate the remainder when 84 is divided by n.
16
Suppose 20*d - 20 = 20. Suppose -4*u - 2*v - 89 = -319, 5*u = -d*v + 285. What is the remainder when 166 is divided by u?
1
Suppose -4*m = 4, -m - 705 = -673*b + 669*b. Calculate the remainder when b is divided by 55.
11
Suppose -4*c + 2 + 21 = 3*j, -3*c + 10 = -5*j. Suppose -q + 4*q - 57 = 0. Let x = 36 - q. What is the remainder when x is divided by c?
2
Suppose 0 = 7*l - 4*l - 48. Let p(f) = -95*f - 77*f - l + 147*f. What is the remainder when p(-5) is divided by 38?
33
Let f = 456 - 451. What is the remainder when 557 is divided by 3 - (f/((-5)/17) + 0)?
17
Suppose n = -0*n + 2*u, -5*n + 40 = -2*u. Suppose 142*q - 2*c = 138*q + 174, 2*q - 82 = 2*c. Calculate the remainder when q is divided by n.
6
Suppose -3*m + 3*c + 147 = 0, 2*m - 8 = -3*c + 75. Calculate the remainder when 147 is divided by m.
9
Let h(a) = -a**2 + 14*a - 34. Let f be h(12). Let o be (4/6)/(4/54). What is the remainder when (-3)/o + (-34)/12*f is divided by 11?
6
Let w = -5355 - -6255. Calculate the remainder when w is divided by 222.
12
Let c(n) = n**3 + 3*n**2 - 6. Let y be 3 - ((-42)/(-8))/7*8. Let w be c(y). Let s = 7 - w. Calculate the remainder when 76 is divided by s.
11
Suppose 0 = -l + 4*a - 113, 0 = 7*l - 5*l - a + 198. Let c = l - -100. Calculate the rema